 - 1. Suppose s - 3*y - 182 = 0, -o*y + 5*y - 579 = -3*s. Is s a composite number?
False
Suppose 400 = -5*m + 3765. Is m a prime number?
True
Suppose 4*j = 7*j - 6. Suppose 278 - 1524 = -j*x. Is x composite?
True
Let a(n) = 9*n**2 + 2*n + 16. Let y(u) = -11*u**2 - 3*u - 16. Let h(x) = -7*a(x) - 6*y(x). Is h(-9) prime?
True
Let w = -8 - 1. Let o = w + 14. Let k(i) = 24*i + 7. Is k(o) a prime number?
True
Suppose -74 = 3*n + 3*i - 281, -3*i + 142 = 2*n. Is n composite?
True
Let j = 3489 + 10732. Is j a prime number?
True
Let n(r) = -5*r**3 - 3*r - 25. Suppose -27 = -14*o - 153. Is n(o) prime?
False
Let k(z) = -z**3 + 11*z**2 - 11. Let j be k(11). Let f = j + 11. Suppose f = -4*g + g + 447. Is g prime?
True
Suppose -246 = -2*s - 4*r, s + 5*r + 66 - 183 = 0. Is s a prime number?
True
Let d be (-18 - -19)/(2/(-12140)). Let f be (d/15)/(8/(-60)). Let l = f + -1776. Is l composite?
False
Let d(k) = -k**3 + 3*k**2 + 5*k. Let y be d(4). Suppose y*t - 5*u - 523 = 0, 0 = -2*t - 4*u + 2*u + 248. Is t composite?
False
Let s be (-3)/(-12)*-1*0 - 2. Is ((-4)/s)/(((-36)/3786)/(-3)) a composite number?
False
Let u(q) = -353*q**3 - 11*q**2 - 21*q + 10. Is u(-9) prime?
False
Suppose -2*m = 4*m + 5196. Let q = -117 - m. Is q composite?
True
Suppose 0 = 2*j - 1 - 9. Suppose 0 = 3*g - 5*u - 357, 4*g = j*u - 62 + 533. Suppose 0 = 3*v - 813 + g. Is v a composite number?
False
Let g(j) = -j**3 + 17*j**2 + j + 19. Let b be g(15). Let c = b - 225. Is c prime?
False
Let l = 2974 - -8575. Is l composite?
False
Let i = 2848 + -4856. Let w = -1169 - i. Is w composite?
False
Suppose -4*q + 19374 = 3*t, -5*t - 3*q + 10279 = -22011. Is t prime?
False
Suppose -28 = -5*x - 13. Suppose -x*i = 4*o - 3200, -4*i = -3*o + 2*o + 781. Is o a prime number?
True
Is 6/24*(-9 - -70165) a prime number?
True
Let o be 2189 - ((-1 - 0) + 5 + -3). Suppose -2*f + 4*d + 1082 = 0, -3*f - 4*d = f - o. Is f a composite number?
True
Suppose -2*z - 5*p = -496, 4*z - 445 = -p + 565. Suppose u + 612 = -4*g - 2*u, -4*g - 2*u = 616. Let s = z + g. Is s a composite number?
False
Let u = -17158 + 30735. Is u composite?
False
Let v = -2905 + 22854. Is v a prime number?
True
Suppose -130*y + 133*y + 3999 = 3*m, 0 = 5*m - y - 6681. Is m a prime number?
False
Let d be 0 + (3 - 7 - 2). Let q(s) = 5*s**2 + 11*s + 10. Let u(b) = -9*b**2 - 21*b - 19. Let c(z) = 11*q(z) + 6*u(z). Is c(d) prime?
False
Suppose -23*t - 118782 = -32*t. Is t prime?
False
Suppose 6906 = -2*u + 29172. Let a = u - 3076. Is a a composite number?
True
Let x(z) = -1343*z**3 - z**2 - 7*z - 6. Is x(-1) prime?
False
Suppose -12 = -20*c + 16*c. Suppose 4*h - c = -3*l, 21 = 5*h - 0*h - 2*l. Is h*4/(-24)*-254 composite?
False
Suppose -5*g - 16196 - 4524 = 0. Let k = -2849 - g. Suppose 2*l - 803 = k. Is l composite?
False
Let h be 1*-4 - (6 - 8). Is (-193 - -2)/(h + 1) prime?
True
Let q(z) = 398*z**2 - z + 7. Is q(2) a composite number?
False
Let s = 85 - 76. Suppose 5675 = -4*g + s*g. Is g a composite number?
True
Let y(o) be the third derivative of -31*o**4/8 - 7*o**3/6 - 8*o**2. Is y(-6) prime?
False
Let h(l) be the first derivative of -6 + 10*l**3 - 11*l**3 + 3*l - 4*l**4 + 3*l**4. Is h(-4) a prime number?
True
Let x(k) = 4*k**2 - 7*k**2 - k**3 + k - 4 - 3*k**2 + 5*k. Let v be x(-7). Suppose n = v*n - 42. Is n prime?
False
Suppose u - 1 = 0, k + 4 = -u + 9. Let j(q) = -q**2 + 2. Let i(a) = -15*a**2 + 5*a + 5. Let z(f) = -i(f) + 2*j(f). Is z(k) composite?
True
Suppose a + 3*l - 1694 = 0, -1381 = -2*a - 3*l + 2016. Is a a prime number?
False
Let w(r) = 3878*r**3 + 2*r**2 - 2*r - 1. Is w(1) a composite number?
False
Let k = -1299 - -4833. Suppose -2*a = 4*a - k. Is a a prime number?
False
Let m(b) = 161*b**2 - b - 5. Is m(-7) composite?
True
Suppose -3*y = 4*k - 16, 3*y - 5*k - 6 - 1 = 0. Suppose y*d = -875 + 2743. Is d composite?
False
Suppose 12*j = -4*j + 16048. Is j a composite number?
True
Suppose -i = 4*p - 2022 - 595, -2*i = -4*p + 2602. Let a = 1054 + -1052. Suppose 3*n = -4*k + 2*k + p, a*k - 2 = 0. Is n prime?
False
Suppose -33*h + 35*h - 48738 = 0. Is h a composite number?
True
Let p(o) = 3*o + 7. Let i(h) = -3*h - 7. Let t(r) = -2*i(r) - 3*p(r). Let u = -121 + 101. Is t(u) a prime number?
True
Is (-3)/(-2) - 13195*4/(-8) prime?
True
Suppose -3*z - 20 = -5*j, 4*j - 3*z - 12 = 4. Let h = -396 + 522. Is 118*(h/j)/9 prime?
False
Let b be -1 + 0/1 + 4. Let n be 98/21*(-6)/(-7). Suppose -n*g = -b*c + 207 + 44, -g + 72 = c. Is c a composite number?
True
Let m(t) = -6*t - 1. Let w be m(-2). Suppose -2*n = 5*l + 5 - w, 0 = -l + 2. Is n/3 + 5775/9 composite?
False
Let w(z) = z**3 + 2*z**2 - z + 7. Let b be w(5). Is 2/(2/b) + 1*2 a prime number?
True
Let c = 2295 + -896. Is c a prime number?
True
Suppose 3*a - v = 46, 5*v + 43 + 47 = 5*a. Let i be 4/a + 312/84. Suppose 5*h = 3*c - i*c - 22, -2*c - 4*h - 14 = 0. Is c composite?
False
Let n(b) = 58 + b**2 + 4*b + 8*b**3 - 60 - 2*b**2. Is n(3) a composite number?
True
Suppose -5*a - 78 = -3*t, -4*a = 10*t - 9*t - 26. Is (-200459)/(-91) + 4/t composite?
False
Let x(l) = 32*l**2 + 2*l + 1. Let f be x(3). Let a = f - 104. Is a a composite number?
False
Suppose -5*t = -28*q + 24*q - 40609, -24366 = -3*t + 3*q. Is t composite?
True
Suppose -3*t + 11085 = 4*u, -3*u + 11082 = 2*t + t. Is t prime?
True
Suppose -67512 = -14*v - 10*v. Is v composite?
True
Suppose 3*w = -g - w + 2733, -4*g + 2*w = -10878. Is g a composite number?
True
Let x(w) = 58*w**2 - 3*w + 1. Let u be x(2). Let g be (1 + 1)/(6 + (-1299)/216). Let c = u + g. Is c composite?
False
Let c be (-2)/(-3)*-1*3. Let d be c/(-10) - (-1104)/30. Suppose -4*j + d = -703. Is j a composite number?
True
Let v be (-3)/(((-60)/8)/5). Let h(s) = -3*s**2 - 8 - v*s**2 + 5*s**3 - 2*s**3 + 3*s - 2*s**3. Is h(6) composite?
True
Let r(o) = 22*o - 29. Let u be r(18). Suppose 0*j - u = -j. Is j prime?
True
Suppose -5*m + 686 = -s - 1011, 5*m = -15. Let l = 503 - s. Is l a prime number?
False
Let w be 1/3*(-33)/(-11). Let m be (-59 - (-1 - 0))*w. Let o = m - -173. Is o a prime number?
False
Let x = -521 + 789. Let j(w) = -w**2 - 7*w - 6. Let f be j(-6). Suppose -r - r + x = f. Is r prime?
False
Suppose -2*t = o + 6, -o + 5*t + 14 = 3*t. Suppose -3*j + 45 + 34 = 2*l, 12 = o*j. Is l a composite number?
True
Let t be 8/6*4/(24/(-207)). Let j = -9 - t. Is j prime?
True
Suppose 0 = 5*p + 7 - 27. Suppose -12 = -p*n + 200. Is n composite?
False
Let k be (-66)/12 + (-2)/(-4). Let j be (-1)/(((-5)/762)/k). Let r = j - -1289. Is r prime?
False
Suppose -14 = -3*q - 11*q. Let h(i) = 456*i**2 - i + 2. Is h(q) prime?
True
Let q(k) = k**3 + 3*k**2 + 2*k + 2. Let i = 10 + -12. Let p be q(i). Suppose -p*o = -3*o - 2, 2*c - 4*o - 1390 = 0. Is c a composite number?
False
Let z be 3 + 3 + (1 - 4). Suppose 321 = z*w - 492. Is w/(3 + 0 - 2) a prime number?
True
Let t(c) = c**3 - 6*c**2 - 7*c + 10. Suppose 4*a - 7 = 21. Let p be t(a). Is (-6)/p - (-216)/60 a composite number?
False
Suppose 48035 = 12*m + m. Is m a prime number?
False
Suppose 0*d + 3*d + 4*y = 1, 0 = 3*d + 5*y + 1. Suppose d + 3 = 3*n. Suppose 0*g - 20 = -n*g. Is g composite?
True
Let c = -735 + 1272. Suppose 2*r - c = -r. Is r prime?
True
Let w = 8 - 3. Let f be ((-1)/3)/(1/(-6)). Suppose 0 = -f*x + 5*d + 5, -w*d + 55 = -4*x + 6*x. Is x a composite number?
True
Suppose -29*r = -18*r - 69641. Is r composite?
True
Suppose -2*l = 4*i - 29998, -2*l + 37496 = 5*i + l. Is i prime?
False
Let k be (-2)/7 - (-220)/35 - 3. Let u(b) = 3 - 3*b + 3*b + 10*b. Is u(k) a composite number?
True
Suppose -o + 20 = 3*z, -5 = -0*o - o. Suppose -2*j = -z*j - 213. Is 3 - (j + (-2 - 1)) prime?
False
Let h = -71 - -76. Suppose 13773 - 2108 = h*j. Is j composite?
False
Let d be (-2)/9 - (-47)/9. Suppose d*b - 705 = -0*b. Is b a prime number?
False
Suppose -2*t + 13 = 5. Suppose -8*b + t*b + 748 = 0. Is b prime?
False
Suppose 5*m - 3*l = -0*l + 4117, 0 = 5*m - 2*l - 4113. Is m composite?
False
Suppose -5*t - 5 = -6*t. Suppose 3*n + 0*n + q = -41, -3*n = t*q + 61. Let l(m) = m**3 + 12*m**2 - 10*m + 7. Is l(n) composite?
False
Suppose -2 = u, -5*u + 126 = 4*f - 0*u. Let i = f + 58. Let g = i - -65. Is g composite?
False
Let y be ((-17)/2)/(6/(-12)). Suppose -y*c + 10*c + 11977 = 0. Is c composite?
True
Let m = -34 - -3. Let r = 21 + m. Let b = 25 